 Let b(q) = d*q - 1 - q**3 - q**3 - 16*q + q**2. What is b(1)?
-1
Let c(b) be the second derivative of -b**4/6 - 2*b**3/3 + 97*b - 3. Let a(i) = 4*i**3 + 2*i**2 - 1. Let u be a(-1). Calculate c(u).
-6
Let r(p) = p**3 - p - 8. Let w be r(0). Let f(z) = 8*z**2 + 3*z**3 - 2*z**3 + 3*z + 8 - 2. What is f(w)?
-18
Let k(t) be the third derivative of t**8/6720 + t**7/315 + t**6/720 + t**5/40 + t**4/4 - 28*t**2. Let w(c) be the second derivative of k(c). Determine w(-8).
-5
Let t(w) = 4 - 41 + 20 - 3*w + 19. Determine t(-3).
11
Let y(k) = -4*k**3 + 7*k**2 - 9*k + 8. Let i(g) = -g**3 + 2*g**2 - 2*g + 2. Let t(j) = 9*i(j) - 2*y(j). Let v be 10*(-4)/(-12) - (-8)/12. What is t(v)?
2
Let g(x) be the third derivative of 40*x**2 - 2/3*x**3 - 1/24*x**4 + 0*x + 0. What is g(-8)?
4
Let a(q) = q**2 - 5*q - 115. Let p be a(14). Let y(z) = -z**2 + 10*z + 5. What is y(p)?
-6
Let r be (-1 + 0)/(1/(-6)). Let q(k) be the second derivative of -5/6*k**3 + 2 - k + 1/12*k**4 - k**2. Give q(r).
4
Let a(y) be the first derivative of y**4/4 - y + 2. Suppose -3*w + 19 + 65 = 0. Let k be 2/8 + (-35)/w. What is a(k)?
-2
Let i(u) = 79*u - 51. Let y(g) = -35*g + 25. Let f(q) = 4*i(q) + 9*y(q). Calculate f(-15).
6
Let v(t) = t - 7. Let b(q) = 6*q - 35. Let z(s) = -2*b(s) + 11*v(s). Give z(7).
-14
Let p be ((-2)/2)/(2/(-8)). Suppose -10 = -p*m + 6. Suppose -3*r - 15 = m*b + 2*r, -3*b - 3*r - 12 = 0. Let n(a) = a + 9. Determine n(b).
4
Let l(u) = 2*u - u**2 - 1 + 1 - 7*u - 5 - 2. Determine l(-5).
-7
Let z = 372 - 535. Let r = z - -159. Let i(h) = h**2 + 2*h + 1. What is i(r)?
9
Let q(a) = -a + 16. Suppose -2*m - 1 + 1 = 0. Give q(m).
16
Let y be (3/(-2))/((-1)/6). Let q(r) = 2*r**3 - 25*r**2 + r + 25. Let s(g) = g**3 - 13*g**2 + g + 13. Let n(j) = -4*q(j) + 7*s(j). Calculate n(y).
18
Let u(k) = -k + 2*k + k**3 - 14 + k**2 + 15. Let a be u(-1). Let m(w) be the third derivative of -w**5/60 - 2*w**3/3 + 2*w**2. Calculate m(a).
-4
Let w(t) = t**2 + 7*t + 10. Let l be w(-4). Let f(d) = -4 + 7*d + 1 + 3 + 1. Calculate f(l).
-13
Suppose -14 = 2*c - 18. Let l(k) = -k - 3*k**2 + 1 - 5*k + c*k**2. Give l(-7).
-6
Let p(v) be the first derivative of -v**3/6 - 3*v**2/2 - 13*v - 19. Let m(w) be the first derivative of p(w). Give m(5).
-8
Let a(i) be the third derivative of -13*i**4/24 - 7*i**3/6 - 477*i**2. What is a(5)?
-72
Let l(f) = f**2 + 2*f. Suppose -45 = -4*m + 5*j, -5*m - 8 = -2*j - 60. Let t(d) = -m*d - 5 + d**2 + 0*d**2 + 2. Let c be t(10). What is l(c)?
3
Let f(j) = -j**3 + 6*j**2 - j - 1. Let u(p) = -p**3 + p**2 + p + 1. Let n(q) = -f(q) + 2*u(q). Suppose 5*a = 2*m - 7, -3*a = m - 0*m + 13. What is n(m)?
-9
Let r be 0*(-3 + -4 + 6). Let c(g) = r - 8 - 12*g**2 + 3. Let b(v) = 12*v**2 + 6. Let u(s) = 5*b(s) + 6*c(s). Calculate u(1).
-12
Let t(r) be the first derivative of -r**3/3 + 5*r**2 + 16*r - 161. Give t(11).
5
Let c = 35 - 33. Suppose 0 = a + c*a + 15. Let y(s) = -3*s + 2. Calculate y(a).
17
Suppose 5*x = 2*s - 43, -5*x - 2*s - 29 = -2*x. Let y(t) = -t**2 - 7*t + 13. What is y(x)?
-5
Let t(v) = -4*v + v - 1 - 1 + 0. Suppose 0 = j - 2*h, 3*j = -2*h - 4 - 4. Calculate t(j).
4
Let v(y) = -8*y. Suppose 2*w + 125 = -z + 6*z, 3*w + 15 = 0. Suppose -3*m - z = -17. Give v(m).
16
Let g be (-3 - 21/(-6))*24. Suppose 13*s - 19*s = -g. Let h(a) = -4*a - 2. Give h(s).
-10
Let o be 166/(-120) - (-39)/26. Let z(x) be the third derivative of 1/120*x**6 + 0*x - x**3 - 1/3*x**4 + o*x**5 + 0 - 3*x**2. Give z(-8).
-6
Let m be (-3)/3*(23 + -26). Let j(x) = 3*x**2 - 2*x + 2. Determine j(m).
23
Let b(a) = -455 + 229 - a**3 + 223 - 3*a - 6*a**2. What is b(-6)?
15
Let n(v) = -v**2 - 4*v - 5. Let d = 9 + -4. Suppose 4*x + 1 = d*l - 15, 3*l - 5*x = 7. Suppose -j = 4*z - 16, z - 21 = l*j - 0. Give n(j).
-5
Let d(l) = -l - 6. Suppose -429 = 32*y + 7*y. Determine d(y).
5
Let h(u) = -u - 4. Let w be h(-7). Let a(n) = -11*n**3 + 15*n**2 + 10*n - 13. Let s(t) = -4*t**3 + 5*t**2 + 3*t - 4. Let v(l) = w*a(l) - 8*s(l). What is v(6)?
-7
Let n(p) be the first derivative of -22*p**2 + 113. Suppose 5*i = -4*s + 13, -3*i = -i + 5*s + 5. Let c(a) = -8*a. Let w(t) = i*n(t) - 28*c(t). What is w(-3)?
-12
Let g(u) = 7*u + u**3 - 31*u**2 + 0 + 50*u**2 - 27*u - 7. What is g(-20)?
-7
Let r = 104 + -57. Let c = r - 47. Let v(f) = f - 7. Give v(c).
-7
Suppose 7 = 2*b - 3*z, -3*b + z = -2*z - 3. Let i(p) = 2*p**2 + 7*p + 6. Calculate i(b).
10
Suppose -2*q - 4*z = 8, -3*q - 15 = -4*z + 27. Let v be q/(1 - (2 + -3)). Let c be (3 + v)*(2 - 4). Let m(a) = -a**2 + 3*a - 1. Calculate m(c).
-5
Let x(z) = z + 5*z**2 - 8 + z**3 + z**2 + 0*z. Let d = 71 + 31. Let h be d/(-18) + (-2)/6. Calculate x(h).
-14
Let b = 14 - -5. Let t = -21 + b. Let m(v) = v. Give m(t).
-2
Let j(z) = 4*z + z - 6*z + 6. Let i(h) = -6*h + 19. Let k(y) = -y + 1. Let v(x) = -i(x) + k(x). Let q be v(5). What is j(q)?
-1
Let z = -47 + 38. Let o be 3/4 - (162/(-24))/z. Let i(t) = t**3 - t + 4. Give i(o).
4
Let t(n) = n**2 - 7*n + 10. Suppose -70 = -18*m + 13*m. Suppose -21 = -3*s - 2*g, 2*s - m = g - 4*g. What is t(s)?
10
Let x(f) = 3*f**2 + 3*f + 4. Suppose -4*p = 4 + 20. Let t(d) = 4*d**2 + 4*d + 5. Let u(y) = p*x(y) + 5*t(y). Let l = 25 + -26. Determine u(l).
1
Let q(s) be the second derivative of -s**4/4 - 5*s**3/6 - 3*s**2 + 18*s. Let b(z) = 2*z**2 + 5*z + 7. Let t(f) = -4*b(f) - 3*q(f). Calculate t(7).
4
Let s(j) be the second derivative of j**5/60 + 5*j**4/24 - 2*j**3/3 - 11*j**2/2 + 4*j. Let d(u) be the first derivative of s(u). Determine d(-5).
-4
Let y(d) = 2*d - 18. Let p(m) = 2*m - 17. Let s be 45/7 - 39/91. Let f(x) = s*p(x) - 5*y(x). Calculate f(9).
6
Let w(a) = 16*a + 6. Let l(i) = -3*i - 1. Let v(f) = -11*l(f) - 2*w(f). Give v(4).
3
Let k(m) = m + 5. Let u be (-342)/42 + 2 + 2/14. Determine k(u).
-1
Let d(w) = -2 - 1 + 0 - w. Suppose 35 = -5*j + k, 4*j - 5*k = -7*k - 42. Calculate d(j).
5
Let p(k) = 7*k**3 - 2*k**2 - 14*k - 5. Let f(t) = 20*t**3 - 5*t**2 - 41*t - 15. Let h(d) = -6*f(d) + 17*p(d). Let n = -2 + 2. Let c = -5 + n. What is h(c)?
-10
Let u(y) = -3*y**3 + y**2 - 7*y + 16. Let x(f) = -5*f**3 - 8*f + 18. Let z(n) = 3*u(n) - 2*x(n). Give z(-5).
-13
Suppose -12*a - 14 = -10*a + 2*r, a = r - 11. Let l(q) = q**2 + 5*q - 4. Determine l(a).
32
Let q(s) be the first derivative of -4*s**2 + 6*s - 218. Calculate q(2).
-10
Suppose 19*h - 6 = 22*h. Let n(j) be the third derivative of j**4/8 + j**3/2 - j**2. Determine n(h).
-3
Let h(c) = c**2 - 5*c - 3. Let k(b) = -b**3 - 2*b**2 - b - 6. Let g be k(-3). Determine h(g).
3
Let h(s) = 2*s**2 - 11*s + 2. Let g be h(5). Let u(p) = 3*p**2 - 3*p + 1. Calculate u(g).
37
Let b(t) = t - 9. Let h be (-8)/(-28)*(0 + 7). Suppose 1 = -o + h*a - 4, -a + 1 = -o. Let v be (-2)/6 + 1/o. Calculate b(v).
-9
Let s(p) be the first derivative of -p**5/20 - p**4/2 + 5*p**2/2 - 7*p - 3. Let i(h) be the first derivative of s(h). Calculate i(-6).
5
Let b(q) = -17*q - 27. Let n(m) = -15*m - 24. Let u(x) = -5*b(x) + 6*n(x). Give u(7).
-44
Suppose -4*c + 6*c - 2*r + 18 = 0, 3*c + 4*r + 34 = 0. Let k(x) = x**2 + 9*x - 11. Determine k(c).
-1
Let p(r) = 7*r - 6. Let k(w) = -104*w + 91. Let b(m) = 6*k(m) + 91*p(m). Determine b(1).
13
Let o(m) = -m + 12. Suppose 2*c - 15 = -3*t, 0 = 3*t - 4 - 5. Suppose -d - c*w + 7*w = 6, 5*d - 3*w - 21 = 0. Calculate o(d).
6
Let i(r) = r**3 - 6*r**2 - 6. Let z be i(6). Let j be (-44)/z + 2/(-6). Let m(w) = -4*w + j*w - w + 4. Give m(-4).
-4
Let u(p) = -p**3 - 9*p**2 + 25*p + 33. Let x be u(-11). Let b(w) = w**3 - 2*w**2 + w + 15. What is b(x)?
15
Let r(s) = -s + 8. Let z(k) = 1. Let v(m) = r(m) - 6*z(m). Let p be v(0). Let o(d) = 6*d**2 - 8*d**2 + 6*d + d**p. Calculate o(6).
0
Let r be 2/4 - 10/4. Let s(z) = 8*z**3 - 4*z**2 + 1. Let h(l) = l**3 - l**2. Let u(m) = 6*h(m) - s(m). Calculate u(r).
7
Let x(d) be the first derivative of -d**3/3 - 3*d**2 - 5*d + 10. Let k be (-2)/(((-2)/4)/1). Suppose 3*s = k*l - 11, s + 5*l + 6 = 4*l. Calculate x(s).
0
Let c(v) be the second derivative of -7*v**4/12 + 3*v**3 - 7*v**2/2 + 3*v. Let s(h) = -6*h**2 + 17*h - 7. Let p(b) = -5*c(b) + 6*s(b). Determine p(6).
29
Let s(b) = 3*b - 5. Let q(z) = z - 1. Let k(j) = -11*q(j) + 4*s(j). Let h be -2 - 2/3*-3. Give k(h).
-9
Let t(g) = g**2 - 2*g + 7. Let d(q) = 3*q**2 - 4*q + 18. Let n(b) = 2*d(b) - 5*t(b). Determine n(-3).
4
L